en 102 is divided by 8?
6
What is the remainder when 3628 is divided by 158?
152
Calculate the remainder when 2370 is divided by 113.
110
What is the remainder when 2390 is divided by 92?
90
Calculate the remainder when 4079 is divided by 10.
9
Calculate the remainder when 1076 is divided by 180.
176
What is the remainder when 269 is divided by 22?
5
Calculate the remainder when 996 is divided by 153.
78
What is the remainder when 260 is divided by 40?
20
What is the remainder when 390 is divided by 11?
5
What is the remainder when 249 is divided by 123?
3
What is the remainder when 4202 is divided by 234?
224
Calculate the remainder when 99 is divided by 14.
1
What is the remainder when 7595 is divided by 36?
35
What is the remainder when 143 is divided by 32?
15
Calculate the remainder when 888 is divided by 126.
6
What is the remainder when 2040 is divided by 510?
0
Calculate the remainder when 102 is divided by 22.
14
What is the remainder when 6287 is divided by 24?
23
What is the remainder when 379 is divided by 33?
16
Calculate the remainder when 45 is divided by 11.
1
Calculate the remainder when 44 is divided by 30.
14
Calculate the remainder when 413 is divided by 119.
56
Calculate the remainder when 987 is divided by 156.
51
What is the remainder when 3436 is divided by 428?
12
What is the remainder when 226 is divided by 41?
21
What is the remainder when 252 is divided by 6?
0
Calculate the remainder when 138 is divided by 43.
9
What is the remainder when 980 is divided by 88?
12
Calculate the remainder when 25 is divided by 5.
0
What is the remainder when 235 is divided by 65?
40
Calculate the remainder when 3750 is divided by 56.
54
What is the remainder when 366 is divided by 92?
90
What is the remainder when 1362 is divided by 57?
51
Calculate the remainder when 119 is divided by 30.
29
Calculate the remainder when 251 is divided by 64.
59
Calculate the remainder when 1197 is divided by 7.
0
What is the remainder when 302 is divided by 18?
14
Calculate the remainder when 1151 is divided by 132.
95
Calculate the remainder when 254 is divided by 37.
32
Calculate the remainder when 104 is divided by 70.
34
What is the remainder when 1031 is divided by 98?
51
What is the remainder when 1803 is divided by 17?
1
What is the remainder when 90 is divided by 24?
18
Calculate the remainder when 1189 is divided by 148.
5
What is the remainder when 8211 is divided by 11?
5
Calculate the remainder when 514 is divided by 101.
9
What is the remainder when 3690 is divided by 154?
148
What is the remainder when 170 is divided by 47?
29
Calculate the remainder when 241 is divided by 82.
77
Calculate the remainder when 585 is divided by 197.
191
What is the remainder when 1062 is divided by 82?
78
What is the remainder when 763 is divided by 192?
187
Calculate the remainder when 213 is divided by 109.
104
Calculate the remainder when 378 is divided by 38.
36
What is the remainder when 3258 is divided by 813?
6
Calculate the remainder when 219 is divided by 34.
15
Calculate the remainder when 793 is divided by 783.
10
Calculate the remainder when 74 is divided by 21.
11
Calculate the remainder when 90 is divided by 26.
12
What is the remainder when 628 is divided by 35?
33
What is the remainder when 71 is divided by 13?
6
Calculate the remainder when 174 is divided by 57.
3
What is the remainder when 4959 is divided by 29?
0
What is the remainder when 14072 is divided by 276?
272
Calculate the remainder when 806 is divided by 105.
71
Calculate the remainder when 2029 is divided by 185.
179
Calculate the remainder when 614 is divided by 88.
86
Calculate the remainder when 123 is divided by 24.
3
Calculate the remainder when 1791 is divided by 56.
55
Calculate the remainder when 6674 is divided by 267.
266
What is the remainder when 604 is divided by 34?
26
What is the remainder when 44 is divided by 2?
0
What is the remainder when 1600 is divided by 255?
70
Calculate the remainder when 3 is divided by 1.
0
Calculate the remainder when 1852 is divided by 615.
7
What is the remainder when 107 is divided by 45?
17
What is the remainder when 115 is divided by 108?
7
What is the remainder when 1060 is divided by 297?
169
Calculate the remainder when 1401 is divided by 362.
315
What is the remainder when 2127 is divided by 16?
15
What is the remainder when 466 is divided by 47?
43
Calculate the remainder when 439 is divided by 20.
19
What is the remainder when 165 is divided by 56?
53
What is the remainder when 1390 is divided by 17?
13
Calculate the remainder when 8 is divided by 1.
0
Calculate the remainder when 659 is divided by 74.
67
What is the remainder when 1127 is divided by 416?
295
What is the remainder when 68 is divided by 24?
20
What is the remainder when 19 is divided by 12?
7
Calculate the remainder when 2881 is divided by 74.
69
What is the remainder when 274 is divided by 268?
6
Calculate the remainder when 3421 is divided by 59.
58
What is the remainder when 123 is divided by 66?
57
Calculate the remainder when 185 is divided by 94.
91
Calculate the remainder when 746 is divided by 9.
8
What is the remainder when 87 is divided by 53?
34
Calculate the remainder when 42363 is divided by 46.
43
What is the remainder when 199 is divided by 100?
99
What is the remainder when 205 is divided by 172?
33
What is the remainder when 3277 is divided by 10?
7
Calculate the remainder when 2692 is divided by 49.
46
Calculate the remainder when 880 is divided by 99.
88
What is the remainder when 1148 is divided by 5?
3
What is the remainder when 2718 is divided by 85?
83
What is the remainder when 95 is divided by 50?
45
What is the remainder when 2278 is divided by 43?
42
Calculate the remainder when 237 is divided by 24.
21
What is the remainder when 313 is divided by 102?
7
Calculate the remainder when 49 is divided by 10.
9
Calculate the remainder when 1617 is divided by 90.
87
What is the remainder when 1402 is divided by 19?
15
What is the remainder when 166 is divided by 61?
44
Calculate the remainder when 47 is divided by 29.
18
What is the remainder when 239 is divided by 11?
8
What is the remainder when 1037 is divided by 57?
11
Calculate the remainder when 359 is divided by 97.
68
What is the remainder when 183 is divided by 8?
7
Calculate the remainder when 27 is divided by 7.
6
What is the remainder when 167 is divided by 42?
41
Calculate the remainder when 2663 is divided by 31.
28
What is the remainder when 109 is divided by 35?
4
Calculate the remainder when 336 is divided by 58.
46
What is the remainder when 322 is divided by 60?
22
What is the remainder when 47 is divided by 10?
7
What is the remainder when 1361 is divided by 47?
45
Calculate the remainder when 2574 is divided by 112.
110
Calculate the remainder when 1308 is divided by 5.
3
Calculate the remainder when 5701 is divided by 184.
181
What is the remainder when 170 is divided by 88?
82
What is the remainder when 368 is divided by 91?
4
What is the remainder when 107 is divided by 22?
19
What is the remainder when 219 is divided by 11?
10
Calculate the remainder when 311 is divided by 12.
11
Calculate the remainder when 580 is divided by 211.
158
What is the remainder when 2109 is divided by 697?
18
What is the remainder when 78 is divided by 42?
36
What is the remainder when 58 is divided by 48?
10
What is the remainder when 12670 is divided by 44?
42
What is the remainder when 20 is divided by 9?
2
What is the remainder when 115 is divided by 96?
19
Calculate the remainder when 197 is divided by 26.
15
Calculate the remainder when 6442 is divided by 3219.
4
Calculate the remainder when 151 is divided by 14.
11
What is the remainder when 1117 is divided by 56?
53
What is the remainder when 1289 is divided by 24?
17
Calculate the remainder when 322 is divided by 119.
84
Calculate the remainder when 10216 is divided by 20.
16
Calculate the remainder when 1073 is divided by 25.
23
Calculate the remainder when 4668 is divided by 33.
15
Calculate the remainder when 575 is divided by 34.
31
Calculate the remainder when 168 is divided by 85.
83
What is the remainder when 28391 is divided by 91?
90
Calculate the remainder when 4364 is divided by 396.
8
Calculate the remainde